 2002201 (base 3) in base 11?
1172
-112110011 (base 3) to base 14
-3ba6
Convert -b842 (base 12) to base 3.
-1000201112
-2041 (base 5) to base 16
-10f
21002120 (base 3) to base 15
17ec
Convert 34431 (base 5) to base 14.
c9d
What is 10001011110 (base 2) in base 6?
5102
-10101100100 (base 2) to base 12
-970
Convert -601 (base 14) to base 5.
-14202
What is -50 (base 12) in base 15?
-40
630 (base 13) to base 10
1053
Convert 236302 (base 7) to base 9.
65014
120130 (base 4) to base 11
11a2
Convert 2130301 (base 4) to base 13.
474a
Convert -1244 (base 9) to base 3.
-1021111
cb7 (base 15) to base 7
11242
20 (base 5) to base 4
22
Convert 23360 (base 7) to base 13.
2981
What is -94b (base 15) in base 5?
-31341
What is 462 (base 10) in base 7?
1230
Convert -1054 (base 10) to base 13.
-631
Convert -146 (base 7) to base 12.
-6b
Convert -37530 (base 8) to base 9.
-24217
Convert -120 (base 5) to base 15.
-25
Convert -10001101221 (base 3) to base 10.
-60073
-1000110110 (base 2) to base 9
-688
What is -1164 (base 10) in base 13?
-6b7
Convert -4931 (base 16) to base 12.
-aa15
-1870 (base 10) to base 9
-2507
-71 (base 9) to base 11
-59
What is 26003 (base 7) in base 2?
1101011001111
What is -112010110 (base 3) in base 8?
-24073
301111 (base 4) to base 2
110001010101
What is 12a0 (base 15) in base 16?
f87
What is -416 (base 12) in base 8?
-1122
Convert -5121 (base 6) to base 7.
-3202
Convert 983 (base 13) to base 4.
121130
What is 155 (base 12) in base 3?
21202
Convert 236 (base 11) to base 4.
10121
What is -21001 (base 4) in base 6?
-2401
-11834 (base 10) to base 8
-27072
Convert -31322 (base 6) to base 10.
-4226
Convert -480 (base 9) to base 14.
-204
Convert 4454 (base 6) to base 9.
1377
10211 (base 4) to base 16
125
232541 (base 7) to base 12
20215
105 (base 10) to base 2
1101001
What is -2103 (base 10) in base 4?
-200313
Convert 3121 (base 8) to base 10.
1617
6032 (base 7) to base 6
13345
-1221111 (base 3) to base 14
-733
Convert -15178 (base 15) to base 16.
-108fe
-4800 (base 9) to base 15
-10c9
7218 (base 16) to base 11
1aa43
Convert -620 (base 11) to base 10.
-748
What is -6a46 (base 13) in base 5?
-434210
Convert -b1 (base 15) to base 8.
-246
1015 (base 14) to base 7
11025
Convert -9888 (base 10) to base 16.
-26a0
Convert -1b19 (base 14) to base 3.
-20202100
4842 (base 10) to base 16
12ea
-16a (base 14) to base 11
-244
What is 18888 (base 9) in base 8?
31501
What is 521 (base 6) in base 10?
193
What is -9326 (base 15) in base 7?
-156426
795e (base 15) to base 16
648b
What is -100111001000 (base 2) in base 6?
-15332
Convert 13 (base 11) to base 15.
e
-45 (base 12) to base 4
-311
Convert 2714 (base 11) to base 5.
103044
-1e00 (base 16) to base 8
-17000
106058 (base 9) to base 14
191c0
Convert 3266 (base 8) to base 15.
798
Convert -18a (base 14) to base 11.
-26a
What is d4b4 (base 14) in base 5?
2132424
What is -13402 (base 6) in base 10?
-2090
Convert 1112120 (base 3) to base 16.
462
9041 (base 11) to base 15
3869
Convert -11010101 (base 2) to base 16.
-d5
Convert -3a42 (base 11) to base 6.
-40145
Convert 210252 (base 6) to base 11.
11811
Convert -3304 (base 10) to base 14.
-12c0
Convert -20a (base 15) to base 13.
-295
-4122 (base 6) to base 4
-32102
What is 12200102 (base 3) in base 11?
3126
-a655 (base 14) to base 16
-7013
72224 (base 8) to base 12
15330
What is 1110113 (base 4) in base 11?
4069
-24b5 (base 12) to base 13
-1b89
Convert ca (base 13) to base 5.
1131
-2114 (base 6) to base 12
-33a
-17500 (base 11) to base 16
-5ff3
Convert 15b55 (base 12) to base 9.
46502
33145 (base 6) to base 3
20022102
What is 2872 (base 14) in base 11?
5416
What is 342 (base 7) in base 11?
151
Convert -423511 (base 6) to base 14.
-c827
189b (base 12) to base 11
2287
What is -14617 (base 8) in base 9?
-8870
Convert -1102210 (base 3) to base 9.
-1383
What is -1151515 (base 6) in base 8?
-167607
Convert 1124 (base 15) to base 10.
3634
What is 151415 (base 7) in base 2?
111001010110011
Convert -3cb2 (base 15) to base 9.
-18735
-2ab (base 12) to base 2
-110100011
Convert 178 (base 14) to base 7.
611
What is 332041 (base 5) in base 4?
2310001
What is 2aa (base 11) in base 2?
101101010
14999 (base 11) to base 9
32023
What is -10056 (base 8) in base 2?
-1000000101110
What is 1145 (base 8) in base 10?
613
What is 1154 (base 7) in base 6?
1555
-4d4 (base 16) to base 5
-14421
674 (base 9) to base 3
202111
Convert -5492 (base 12) to base 2.
-10010001101110
Convert -1142311 (base 5) to base 15.
-65db
112a1 (base 14) to base 12
20165
Convert -224 (base 9) to base 5.
-1214
Convert -10110000110 (base 2) to base 10.
-1414
What is 313 (base 10) in base 11?
265
What is 100020 (base 3) in base 13?
162
391 (base 16) to base 3
1020211
Convert 12540 (base 6) to base 10.
1932
Convert -301312 (base 4) to base 12.
-1a1a
-1063 (base 12) to base 16
-70b
What is 1587 (base 9) in base 8?
2275
3a1 (base 14) to base 16
2d9
Convert 250200 (base 6) to base 9.
33280
10a (base 15) to base 16
eb
Convert 32266 (base 12) to base 4.
100013232
Convert -1359 (base 12) to base 3.
-10001120
What is ba (base 14) in base 3?
20002
6612 (base 7) to base 6
14533
-58 (base 10) to base 2
-111010
-40123 (base 5) to base 7
-10254
5ab1 (base 15) to base 5
1104131
Convert -828 (base 10) to base 6.
-3500
Convert 614 (base 16) to base 2.
11000010100
Convert -10111011 (base 2) to base 10.
-187
100 (base 9) to base 8
121
8562 (base 14) to base 6
254322
What is -1100211021 (base 3) in base 7?
-141160
What is -423 (base 7) in base 3?
-21220
-1110010101 (base 2) to base 9
-1228
What is 30030 (base 4) in base 6?
3340
Convert -7647 (base 15) to base 6.
-311534
Convert -315 (base 11) to base 12.
-277
Convert 143 (base 15) to base 3.
101200
Convert -22330 (base 5) to base 16.
-636
-110111010101111 (base 2) to base 10
-28335
Convert 230134 (base 5) to base 12.
4889
Convert 10623 (base 11) to base 4.
3300200
Convert 232b5 (base 13) to base 9.
107052
What is -4ea (base 15) in base 6?
-5104
Convert -6345 (base 8) to base 13.
-166c
What is -24226 (base 8) in base 7?
-42202
What is -101010100001010 (base 2) in base 15?
-66b5
Convert -d94 (base 14) to base 16.
-a76
Convert -211302 (base 4) to base 2.
-100101110010
-312 (base 14) to base 12
-424
Convert 11020000 (base 3) to base 7.
11655
What is 11372 (base 8) in base 13?
2299
1824 (base 10) to base 8
3440
1010010010 (base 2) to base 10
658
8082 (base 10) to base 16
1f92
What is -499a (base 11) in base 5?
-202042
21122000 (base 3) to base 4
1112322
Convert -110012 (base 3) to base 16.
-149
b1 (base 13) to base 16
90
What is -100100110 (base 2) in base 4?
-10212
What is 183 (base 10) in base 6?
503
12663 (base 13) to base 6
421350
Convert -2e (base 15) to base 6.
-112
Convert 1003 (base 5) to base 10.
128
What is -12064 (base 7) in base 3?
-11022001
102022211 (base 3) to base 7
33034
c35 (base 14) to base 7
6665
Convert -1100001000110 (base 2) to base 7.
-24055
1333201 (base 4) to base 7
32536
Convert 8730 (base 13) to base 15.
5883
-1330312 (base 4) to base 9
-11857
Convert -478 (base 10) to base 13.
-2aa
Convert -35123 (base 8) to base 13.
-6a47
-531 (base 10) to base 15
-256
What is -718 (base 10) in base 8?
-1316
-32a (base 14) to base 11
-51a
Convert 42 (base 6) to base 5.
101
What is 2986 (base 12) in base 3?
20122210
What is -2139 (base 10) in base 16?
-85b
1211 (base 11) to base 15
70a
What is 17b79 (base 13) in base 2?
1011001101001011
-b057 (base 13) to base 3
-1020020202
1351 (base 15) to base 13
1b55
What is -40233 (base 6) in base 5?
-132102
What is -212 (base 6) in base 13?
-62
410251 (base 6) to base 15
996d
2598 (base 13) to base 15
18c9
What is -675 (base 9) in base 14?
-2b8
Convert -5263 (base 10) to base 3.
-21012221
What is -4890 (base 12) in base 6?
-101500
1b3b3 (base 12) to base 5
2242221
-903 (base 12) to base 4
-110103
What is -8d (base 16) in base 10?
-141
What is 1075 (base 10) in base 4?
100303
What is -e19 (base 16) in base 13?
-1848
43360 (base 9) to base 8
70070
Convert 5532 (base 6) to base 7.
3506
What is 4166 (base 8) in base 4?
201312
Convert -21ec (base 15) to base 10.
-7197
-1021212000 (base 3) to base 15
-77dc
What is -473 (base 14) in base 7?
-2403
11102 (base 3) to base 7
230
Convert -20300202 (base 4) to base 9.
-54180
547 (base 9) to base 12
314
What